{"id":879,"date":"2022-12-11T01:51:51","date_gmt":"2022-12-10T22:51:51","guid":{"rendered":"https:\/\/visaodistri.com.br\/?post_type=product&#038;p=879"},"modified":"2023-04-28T20:00:50","modified_gmt":"2023-04-28T17:00:50","slug":"lanterna-tatica-lt-410","status":"publish","type":"product","link":"https:\/\/visaodistri.com.br\/?product=lanterna-tatica-lt-410","title":{"rendered":"LT-410 &#8211; LANTERNA LED VERDE MILITAR CAMPING"},"content":{"rendered":"<p>Lanterna multifuncional com bateria carreg\u00e1vel, feita em alum\u00ednio Resistente a \u00e1gua, com vida \u00fatil de at\u00e9 100.000 horas, possui 3 fases de luz sendo forte, fraca e piscante. Ideal para locais de dif\u00edcil visibilidade.<br \/>\nModelo: LT-410<br \/>\nBateria: 18650<br \/>\nLuz: Verde<\/p>\n","protected":false},"excerpt":{"rendered":"<p>LANTERNA TATICA LT 410<\/p>\n","protected":false},"featured_media":1309,"comment_status":"open","ping_status":"closed","template":"","meta":{"om_disable_all_campaigns":false,"_mi_skip_tracking":false,"_monsterinsights_sitenote_active":false,"_monsterinsights_sitenote_note":"","_monsterinsights_sitenote_category":0},"product_cat":[32],"product_tag":[],"aioseo_notices":[],"_links":{"self":[{"href":"https:\/\/visaodistri.com.br\/index.php?rest_route=\/wp\/v2\/product\/879"}],"collection":[{"href":"https:\/\/visaodistri.com.br\/index.php?rest_route=\/wp\/v2\/product"}],"about":[{"href":"https:\/\/visaodistri.com.br\/index.php?rest_route=\/wp\/v2\/types\/product"}],"replies":[{"embeddable":true,"href":"https:\/\/visaodistri.com.br\/index.php?rest_route=%2Fwp%2Fv2%2Fcomments&post=879"}],"wp:featuredmedia":[{"embeddable":true,"href":"https:\/\/visaodistri.com.br\/index.php?rest_route=\/wp\/v2\/media\/1309"}],"wp:attachment":[{"href":"https:\/\/visaodistri.com.br\/index.php?rest_route=%2Fwp%2Fv2%2Fmedia&parent=879"}],"wp:term":[{"taxonomy":"product_cat","embeddable":true,"href":"https:\/\/visaodistri.com.br\/index.php?rest_route=%2Fwp%2Fv2%2Fproduct_cat&post=879"},{"taxonomy":"product_tag","embeddable":true,"href":"https:\/\/visaodistri.com.br\/index.php?rest_route=%2Fwp%2Fv2%2Fproduct_tag&post=879"}],"curies":[{"name":"wp","href":"https:\/\/api.w.org\/{rel}","templated":true}]}}