{"id":778,"date":"2022-12-06T04:10:19","date_gmt":"2022-12-06T01:10:19","guid":{"rendered":"https:\/\/visaodistri.com.br\/?post_type=product&#038;p=778"},"modified":"2024-03-11T21:46:25","modified_gmt":"2024-03-11T18:46:25","slug":"ms-311-radio-retro","status":"publish","type":"product","link":"https:\/\/visaodistri.com.br\/?product=ms-311-radio-retro","title":{"rendered":"MS-311BT &#8211; RADIO COM ENTRADA USB"},"content":{"rendered":"<p>O R\u00e1dio Retro Port\u00e1til MS-311BT \u00e9 ajust\u00e1vel\u00a0a entrada AC para 110V ou 220V conforme o local onde ser\u00e1 ligado, por seguran\u00e7a vem ajustado em 220VA.<br \/>\nO R\u00e1dio Retro Port\u00e1ti \u00e9 leve, f\u00e1cil de carregar, possui al\u00e7a para transporte e funciona com energia el\u00e9trica (Bivolt), pilhas ou bateria recarreg\u00e1vel para voc\u00ea se divertir onde e quando quiser.<br \/>\nEsse Radio possui Bluetooth, Entrada USB, 3 Bandas AM\/FM\/SW, Cart\u00e3o de mem\u00f3ria TF.<br \/>\nFunciona na tomada , com bateria interna de Litio recarreg\u00e1vel 4.2V.<br \/>\nFunciona a pilhas para ajudar na autonomia quando necess\u00e1rio<br \/>\nCompat\u00edvel com celular, Ipod, PSP, MSP, MP3, USB e Micro TF.<\/p>\n","protected":false},"excerpt":{"rendered":"<p>R\u00e1dio Retr\u00f4<\/p>\n","protected":false},"featured_media":1167,"comment_status":"open","ping_status":"closed","template":"","meta":{"om_disable_all_campaigns":false,"_mi_skip_tracking":false,"_monsterinsights_sitenote_active":false,"_monsterinsights_sitenote_note":"","_monsterinsights_sitenote_category":0},"product_cat":[29],"product_tag":[],"aioseo_notices":[],"_links":{"self":[{"href":"https:\/\/visaodistri.com.br\/index.php?rest_route=\/wp\/v2\/product\/778"}],"collection":[{"href":"https:\/\/visaodistri.com.br\/index.php?rest_route=\/wp\/v2\/product"}],"about":[{"href":"https:\/\/visaodistri.com.br\/index.php?rest_route=\/wp\/v2\/types\/product"}],"replies":[{"embeddable":true,"href":"https:\/\/visaodistri.com.br\/index.php?rest_route=%2Fwp%2Fv2%2Fcomments&post=778"}],"wp:featuredmedia":[{"embeddable":true,"href":"https:\/\/visaodistri.com.br\/index.php?rest_route=\/wp\/v2\/media\/1167"}],"wp:attachment":[{"href":"https:\/\/visaodistri.com.br\/index.php?rest_route=%2Fwp%2Fv2%2Fmedia&parent=778"}],"wp:term":[{"taxonomy":"product_cat","embeddable":true,"href":"https:\/\/visaodistri.com.br\/index.php?rest_route=%2Fwp%2Fv2%2Fproduct_cat&post=778"},{"taxonomy":"product_tag","embeddable":true,"href":"https:\/\/visaodistri.com.br\/index.php?rest_route=%2Fwp%2Fv2%2Fproduct_tag&post=778"}],"curies":[{"name":"wp","href":"https:\/\/api.w.org\/{rel}","templated":true}]}}