{"id":770,"date":"2022-12-06T04:05:49","date_gmt":"2022-12-06T01:05:49","guid":{"rendered":"https:\/\/visaodistri.com.br\/?post_type=product&#038;p=770"},"modified":"2024-03-11T21:22:59","modified_gmt":"2024-03-11T18:22:59","slug":"radio-retro-iii-2","status":"publish","type":"product","link":"https:\/\/visaodistri.com.br\/?product=radio-retro-iii-2","title":{"rendered":"MS-211BT &#8211; RADIO COM ENTRADA USB"},"content":{"rendered":"<p>R\u00e1dio Retr\u00f4 Vintage Usb Sd Fm Am Aux<br \/>\nRadio Port\u00e1til AM\/FM\/SW com Entrada Usb para Pen Drive, com bateria interna recarreg\u00e1vel de alta capacidade que ainda conta com entrada para pilhas para auxiliar na autonomia, esse radio port\u00e1til \u00e9 indispens\u00e1vel para quem gosta de som de qualidade e com um visual retro que segue a tend\u00eancia da moda, com \u00f3tima recep\u00e7\u00e3o FM\/AM ainda conta com entrada para Pen Drive, cart\u00e3o SD e auxiliar.<br \/>\n&#8211; Alimenta\u00e7\u00e3o AC Bivolt: 127v\/50 Hz 220v\/60 Hz DC 5V<br \/>\n&#8211; Entradas: USB e Cart\u00e3o<\/p>\n","protected":false},"excerpt":{"rendered":"<p>R\u00e1dio Retr\u00f4 III<\/p>\n","protected":false},"featured_media":1165,"comment_status":"open","ping_status":"closed","template":"","meta":{"om_disable_all_campaigns":false,"_mi_skip_tracking":false,"_monsterinsights_sitenote_active":false,"_monsterinsights_sitenote_note":"","_monsterinsights_sitenote_category":0},"product_cat":[29],"product_tag":[],"aioseo_notices":[],"_links":{"self":[{"href":"https:\/\/visaodistri.com.br\/index.php?rest_route=\/wp\/v2\/product\/770"}],"collection":[{"href":"https:\/\/visaodistri.com.br\/index.php?rest_route=\/wp\/v2\/product"}],"about":[{"href":"https:\/\/visaodistri.com.br\/index.php?rest_route=\/wp\/v2\/types\/product"}],"replies":[{"embeddable":true,"href":"https:\/\/visaodistri.com.br\/index.php?rest_route=%2Fwp%2Fv2%2Fcomments&post=770"}],"wp:featuredmedia":[{"embeddable":true,"href":"https:\/\/visaodistri.com.br\/index.php?rest_route=\/wp\/v2\/media\/1165"}],"wp:attachment":[{"href":"https:\/\/visaodistri.com.br\/index.php?rest_route=%2Fwp%2Fv2%2Fmedia&parent=770"}],"wp:term":[{"taxonomy":"product_cat","embeddable":true,"href":"https:\/\/visaodistri.com.br\/index.php?rest_route=%2Fwp%2Fv2%2Fproduct_cat&post=770"},{"taxonomy":"product_tag","embeddable":true,"href":"https:\/\/visaodistri.com.br\/index.php?rest_route=%2Fwp%2Fv2%2Fproduct_tag&post=770"}],"curies":[{"name":"wp","href":"https:\/\/api.w.org\/{rel}","templated":true}]}}