{"id":238,"date":"2022-11-18T04:43:10","date_gmt":"2022-11-18T01:43:10","guid":{"rendered":"https:\/\/visaodistri.com.br\/?post_type=product&#038;p=238"},"modified":"2023-02-23T00:22:11","modified_gmt":"2023-02-22T21:22:11","slug":"238","status":"publish","type":"product","link":"https:\/\/visaodistri.com.br\/?product=238","title":{"rendered":"ALL51109 &#8211; LANTERNA\/LAMPIAO REC. ENERGIA SOLAR OU ELETRICA COM 6+1 LED"},"content":{"rendered":"<p>A lanterna lampi\u00e3o ALL51109 \u00e9 ideal para camping, n\u00e3o se preocupe com energia, essa l\u00e2mpada possui v\u00e1rios meios que facilitam recarregar a bateria como via USB, Luz Solar e cabo el\u00e9trico. Esse lampi\u00e3o possui um painel solar, entrada USB e bateria recarreg\u00e1vel. Ele possui 6+1 LED de alta luminosidade com 3W de pot\u00eancia. Ideal para pescaria, camping, resid\u00eancias, autom\u00f3veis etc. Al\u00e7a para transporte Painel Solar, Alta Luminosidade e uma Sa\u00edda USB.<\/p>\n<p>&nbsp;<\/p>\n","protected":false},"excerpt":{"rendered":"<p>Lumin\u00e1ria multifuncional, possui uma Lanterna de Led e um Lampi\u00e3o solar embutido. Pode ser carregada via solar ou atrav\u00e9s da eletricidade. Ideal para acampamentos, pescaria, emerg\u00eancias durante a noite, trabalhos diversos.<\/p>\n","protected":false},"featured_media":960,"comment_status":"open","ping_status":"closed","template":"","meta":{"om_disable_all_campaigns":false,"_mi_skip_tracking":false,"_monsterinsights_sitenote_active":false,"_monsterinsights_sitenote_note":"","_monsterinsights_sitenote_category":0},"product_cat":[33],"product_tag":[],"aioseo_notices":[],"_links":{"self":[{"href":"https:\/\/visaodistri.com.br\/index.php?rest_route=\/wp\/v2\/product\/238"}],"collection":[{"href":"https:\/\/visaodistri.com.br\/index.php?rest_route=\/wp\/v2\/product"}],"about":[{"href":"https:\/\/visaodistri.com.br\/index.php?rest_route=\/wp\/v2\/types\/product"}],"replies":[{"embeddable":true,"href":"https:\/\/visaodistri.com.br\/index.php?rest_route=%2Fwp%2Fv2%2Fcomments&post=238"}],"wp:featuredmedia":[{"embeddable":true,"href":"https:\/\/visaodistri.com.br\/index.php?rest_route=\/wp\/v2\/media\/960"}],"wp:attachment":[{"href":"https:\/\/visaodistri.com.br\/index.php?rest_route=%2Fwp%2Fv2%2Fmedia&parent=238"}],"wp:term":[{"taxonomy":"product_cat","embeddable":true,"href":"https:\/\/visaodistri.com.br\/index.php?rest_route=%2Fwp%2Fv2%2Fproduct_cat&post=238"},{"taxonomy":"product_tag","embeddable":true,"href":"https:\/\/visaodistri.com.br\/index.php?rest_route=%2Fwp%2Fv2%2Fproduct_tag&post=238"}],"curies":[{"name":"wp","href":"https:\/\/api.w.org\/{rel}","templated":true}]}}