{"id":1537,"date":"2023-11-20T16:27:00","date_gmt":"2023-11-20T13:27:00","guid":{"rendered":"https:\/\/visaodistri.com.br\/?post_type=product&#038;p=1537"},"modified":"2026-02-19T20:07:09","modified_gmt":"2026-02-19T17:07:09","slug":"conjunto-cinta-e-catraca-1500kg-2","status":"publish","type":"product","link":"https:\/\/visaodistri.com.br\/?product=conjunto-cinta-e-catraca-1500kg-2","title":{"rendered":"CONJUNTO CINTA E CATRACA 1500KG 35MM 6M J MCJ006"},"content":{"rendered":"<p>Conjunto Cinta e Catraca Capacidade 1500kg, Largura 35mm, tamanho 6m. Gancho J Fator de Seguran\u00e7a: 2:1 Temperatura de Utiliza\u00e7\u00e3o: -40\u00b0C e + 100\u00b0C Elasticidade da Cinta: 7%. Estes conjuntos s\u00e3o utilizados na\u00a0seguran\u00e7a contra quedas e deslizes, os conjuntos da linha leve garantem\u00a0mobilidade e firmeza\u00a0no transporte e manuseio de pequenas cargas. O tamanho anunciado \u00e9 referente a cintas j\u00e1 com as catracas.<\/p>\n","protected":false},"excerpt":{"rendered":"<p>Capacidade: 1500KG<br \/>\nTamanho: 6m<br \/>\nLargura: 35mm<\/p>\n<section class=\"elementor-section elementor-top-section elementor-element elementor-element-70ce24e elementor-section-boxed elementor-section-height-default elementor-section-height-default\" data-id=\"70ce24e\" data-element_type=\"section\">\n<div class=\"elementor-container elementor-column-gap-default\">\n<div class=\"elementor-column elementor-col-50 elementor-top-column elementor-element elementor-element-26f456da\" data-id=\"26f456da\" data-element_type=\"column\" data-settings=\"{&quot;background_background&quot;:&quot;classic&quot;}\">\n<div class=\"elementor-widget-wrap elementor-element-populated\">\n<div class=\"elementor-element elementor-element-9397b86 elementor-widget elementor-widget-woocommerce-product-add-to-cart\" data-id=\"9397b86\" data-element_type=\"widget\" data-widget_type=\"woocommerce-product-add-to-cart.default\">\n<div class=\"elementor-widget-container\">\n<div class=\"elementor-add-to-cart elementor-product-simple\"><\/div>\n<\/div>\n<\/div>\n<div class=\"elementor-element elementor-element-c45fff7 pp-add-to-cart-align-center elementor-widget elementor-widget-pp-woo-add-to-cart\" data-id=\"c45fff7\" data-element_type=\"widget\" data-widget_type=\"pp-woo-add-to-cart.default\">\n<div class=\"elementor-widget-container\">\n<div class=\"pp-woo-add-to-cart pp-woo-product-simple\"><\/div>\n<\/div>\n<\/div>\n<\/div>\n<\/div>\n<\/div>\n<\/section>\n<section class=\"elementor-section elementor-top-section elementor-element elementor-element-5686623f elementor-section-boxed elementor-section-height-default elementor-section-height-default\" data-id=\"5686623f\" data-element_type=\"section\" data-settings=\"{&quot;background_background&quot;:&quot;classic&quot;}\">\n<div class=\"elementor-container elementor-column-gap-default\">\n<div class=\"elementor-column elementor-col-100 elementor-top-column elementor-element elementor-element-fab9e27\" data-id=\"fab9e27\" data-element_type=\"column\" data-settings=\"{&quot;background_background&quot;:&quot;classic&quot;}\">\n<div class=\"elementor-widget-wrap elementor-element-populated\">\n<div class=\"elementor-element elementor-element-b810beb elementor-widget elementor-widget-text-editor\" data-id=\"b810beb\" data-element_type=\"widget\" data-widget_type=\"text-editor.default\">\n<div class=\"elementor-widget-container\"><\/div>\n<\/div>\n<\/div>\n<\/div>\n<\/div>\n<\/section>\n<p>&nbsp;<\/p>\n","protected":false},"featured_media":1533,"comment_status":"open","ping_status":"closed","template":"","meta":{"om_disable_all_campaigns":false,"_mi_skip_tracking":false,"_monsterinsights_sitenote_active":false,"_monsterinsights_sitenote_note":"","_monsterinsights_sitenote_category":0},"product_cat":[51],"product_tag":[],"aioseo_notices":[],"_links":{"self":[{"href":"https:\/\/visaodistri.com.br\/index.php?rest_route=\/wp\/v2\/product\/1537"}],"collection":[{"href":"https:\/\/visaodistri.com.br\/index.php?rest_route=\/wp\/v2\/product"}],"about":[{"href":"https:\/\/visaodistri.com.br\/index.php?rest_route=\/wp\/v2\/types\/product"}],"replies":[{"embeddable":true,"href":"https:\/\/visaodistri.com.br\/index.php?rest_route=%2Fwp%2Fv2%2Fcomments&post=1537"}],"wp:featuredmedia":[{"embeddable":true,"href":"https:\/\/visaodistri.com.br\/index.php?rest_route=\/wp\/v2\/media\/1533"}],"wp:attachment":[{"href":"https:\/\/visaodistri.com.br\/index.php?rest_route=%2Fwp%2Fv2%2Fmedia&parent=1537"}],"wp:term":[{"taxonomy":"product_cat","embeddable":true,"href":"https:\/\/visaodistri.com.br\/index.php?rest_route=%2Fwp%2Fv2%2Fproduct_cat&post=1537"},{"taxonomy":"product_tag","embeddable":true,"href":"https:\/\/visaodistri.com.br\/index.php?rest_route=%2Fwp%2Fv2%2Fproduct_tag&post=1537"}],"curies":[{"name":"wp","href":"https:\/\/api.w.org\/{rel}","templated":true}]}}