{"id":1470,"date":"2023-05-17T18:20:55","date_gmt":"2023-05-17T15:20:55","guid":{"rendered":"https:\/\/visaodistri.com.br\/?post_type=product&#038;p=1470"},"modified":"2023-05-25T21:42:55","modified_gmt":"2023-05-25T18:42:55","slug":"bebedouro-2","status":"publish","type":"product","link":"https:\/\/visaodistri.com.br\/?product=bebedouro-2","title":{"rendered":"12803 &#8211; COMEDOURO ALUM.PES SOL.COCKER POLIDO"},"content":{"rendered":"<p>F\u00e1cil de limpar. Pesado, dificulta movimenta\u00e7\u00e3o pelo seu pet. O cimento e o fundo de alum\u00ednio evitam que a areia vaze do comedouro. Recomendada a todos os tamanhos de ra\u00e7a.<\/p>\n","protected":false},"excerpt":{"rendered":"<p>F\u00e1cil de limpar. Pesado, dificulta movimenta\u00e7\u00e3o pelo seu pet. O cimento e o fundo de alum\u00ednio evitam que a areia vaze do comedouro. Recomendada a todos os tamanhos de ra\u00e7a.<\/p>\n","protected":false},"featured_media":1468,"comment_status":"open","ping_status":"closed","template":"","meta":{"om_disable_all_campaigns":false,"_mi_skip_tracking":false,"_monsterinsights_sitenote_active":false,"_monsterinsights_sitenote_note":"","_monsterinsights_sitenote_category":0},"product_cat":[44],"product_tag":[],"aioseo_notices":[],"_links":{"self":[{"href":"https:\/\/visaodistri.com.br\/index.php?rest_route=\/wp\/v2\/product\/1470"}],"collection":[{"href":"https:\/\/visaodistri.com.br\/index.php?rest_route=\/wp\/v2\/product"}],"about":[{"href":"https:\/\/visaodistri.com.br\/index.php?rest_route=\/wp\/v2\/types\/product"}],"replies":[{"embeddable":true,"href":"https:\/\/visaodistri.com.br\/index.php?rest_route=%2Fwp%2Fv2%2Fcomments&post=1470"}],"wp:featuredmedia":[{"embeddable":true,"href":"https:\/\/visaodistri.com.br\/index.php?rest_route=\/wp\/v2\/media\/1468"}],"wp:attachment":[{"href":"https:\/\/visaodistri.com.br\/index.php?rest_route=%2Fwp%2Fv2%2Fmedia&parent=1470"}],"wp:term":[{"taxonomy":"product_cat","embeddable":true,"href":"https:\/\/visaodistri.com.br\/index.php?rest_route=%2Fwp%2Fv2%2Fproduct_cat&post=1470"},{"taxonomy":"product_tag","embeddable":true,"href":"https:\/\/visaodistri.com.br\/index.php?rest_route=%2Fwp%2Fv2%2Fproduct_tag&post=1470"}],"curies":[{"name":"wp","href":"https:\/\/api.w.org\/{rel}","templated":true}]}}