{"id":1456,"date":"2023-05-17T18:07:54","date_gmt":"2023-05-17T15:07:54","guid":{"rendered":"https:\/\/visaodistri.com.br\/?post_type=product&#038;p=1456"},"modified":"2023-05-25T22:36:57","modified_gmt":"2023-05-25T19:36:57","slug":"vassoura-2","status":"publish","type":"product","link":"https:\/\/visaodistri.com.br\/?product=vassoura-2","title":{"rendered":"60018 &#8211; VASSOURA REFORCADO 60CM CABO CRU"},"content":{"rendered":"<p>Vassoura\u00a0Dimens\u00f5es: 60 x 6 x 8 cm &#8211; Cerdas de PET 0,80 mm \u2013 Cabo de madeira cru de 1,40 m de comprimento e 28 mm, material resistente, cabo refor\u00e7ado, \u00f3timo para limpeza de lugares com grandes dimens\u00f5es como por exemplo p\u00e1tios, ruas, ind\u00fastrias, armaz\u00e9ns, oficinas, postos de gasolina entre outros.<\/p>\n","protected":false},"excerpt":{"rendered":"<p>Vassoura\u00a0Dimens\u00f5es: 60 x 6 x 8 cm &#8211; Cerdas de PET 0,80 mm \u2013 Cabo de madeira cru de 1,40 m de comprimento e 28 mm, material resistente, cabo refor\u00e7ado, \u00f3timo para limpeza de lugares com grandes dimens\u00f5es como por exemplo p\u00e1tios, ruas, ind\u00fastrias, armaz\u00e9ns, oficinas, postos de gasolina entre outros.<\/p>\n","protected":false},"featured_media":1454,"comment_status":"open","ping_status":"closed","template":"","meta":{"om_disable_all_campaigns":false,"_mi_skip_tracking":false,"_monsterinsights_sitenote_active":false,"_monsterinsights_sitenote_note":"","_monsterinsights_sitenote_category":0},"product_cat":[51],"product_tag":[],"aioseo_notices":[],"_links":{"self":[{"href":"https:\/\/visaodistri.com.br\/index.php?rest_route=\/wp\/v2\/product\/1456"}],"collection":[{"href":"https:\/\/visaodistri.com.br\/index.php?rest_route=\/wp\/v2\/product"}],"about":[{"href":"https:\/\/visaodistri.com.br\/index.php?rest_route=\/wp\/v2\/types\/product"}],"replies":[{"embeddable":true,"href":"https:\/\/visaodistri.com.br\/index.php?rest_route=%2Fwp%2Fv2%2Fcomments&post=1456"}],"wp:featuredmedia":[{"embeddable":true,"href":"https:\/\/visaodistri.com.br\/index.php?rest_route=\/wp\/v2\/media\/1454"}],"wp:attachment":[{"href":"https:\/\/visaodistri.com.br\/index.php?rest_route=%2Fwp%2Fv2%2Fmedia&parent=1456"}],"wp:term":[{"taxonomy":"product_cat","embeddable":true,"href":"https:\/\/visaodistri.com.br\/index.php?rest_route=%2Fwp%2Fv2%2Fproduct_cat&post=1456"},{"taxonomy":"product_tag","embeddable":true,"href":"https:\/\/visaodistri.com.br\/index.php?rest_route=%2Fwp%2Fv2%2Fproduct_tag&post=1456"}],"curies":[{"name":"wp","href":"https:\/\/api.w.org\/{rel}","templated":true}]}}