{"id":1400,"date":"2023-03-04T21:25:40","date_gmt":"2023-03-04T18:25:40","guid":{"rendered":"https:\/\/visaodistri.com.br\/?post_type=product&#038;p=1400"},"modified":"2023-04-20T02:38:16","modified_gmt":"2023-04-19T23:38:16","slug":"carregador-duplo","status":"publish","type":"product","link":"https:\/\/visaodistri.com.br\/?product=carregador-duplo","title":{"rendered":"CARREGADOR UNIVERSAL DE BATERIAS DE L\u00cdTIO BIVOTL DUPLO"},"content":{"rendered":"<p>Carregador de Bateria de Lanterna T\u00e1tica<br \/>\nCarrega as Baterias: 18650 \/18350<br \/>\nIndicado para carregar Baterias de lanternas t\u00e1tica de v\u00e1rios modelos.<br \/>\nCarregador Port\u00e1til, que pode ser guardado em qualquer lugar.<br \/>\nPossui Led indicador de Carga (o LED n\u00e3o muda de cor quando estiver carregado), possui sistema de desligamento da corrente quando a carga estiver completa.<br \/>\nTens\u00e3o de entrada: 110-240V 50-60HZ<br \/>\nSa\u00edda: 4.2V &#8211; 1a*2<\/p>\n","protected":false},"excerpt":{"rendered":"<p>Carregador de Bateria de Lanterna T\u00e1tica Carrega as Baterias: 18650 \/18350 Indicado para carregar Baterias de lanternas t\u00e1tica de v\u00e1rios modelos. Carregador Port\u00e1til, que pode ser guardado em qualquer lugar. Possui Led indicador de Carga (o LED n\u00e3o muda de cor quando estiver carregado), possui sistema de desligamento da corrente quando a carga estiver completa. [&hellip;]<\/p>\n","protected":false},"featured_media":961,"comment_status":"open","ping_status":"closed","template":"","meta":{"om_disable_all_campaigns":false,"_mi_skip_tracking":false,"_monsterinsights_sitenote_active":false,"_monsterinsights_sitenote_note":"","_monsterinsights_sitenote_category":0},"product_cat":[32],"product_tag":[],"aioseo_notices":[],"_links":{"self":[{"href":"https:\/\/visaodistri.com.br\/index.php?rest_route=\/wp\/v2\/product\/1400"}],"collection":[{"href":"https:\/\/visaodistri.com.br\/index.php?rest_route=\/wp\/v2\/product"}],"about":[{"href":"https:\/\/visaodistri.com.br\/index.php?rest_route=\/wp\/v2\/types\/product"}],"replies":[{"embeddable":true,"href":"https:\/\/visaodistri.com.br\/index.php?rest_route=%2Fwp%2Fv2%2Fcomments&post=1400"}],"wp:featuredmedia":[{"embeddable":true,"href":"https:\/\/visaodistri.com.br\/index.php?rest_route=\/wp\/v2\/media\/961"}],"wp:attachment":[{"href":"https:\/\/visaodistri.com.br\/index.php?rest_route=%2Fwp%2Fv2%2Fmedia&parent=1400"}],"wp:term":[{"taxonomy":"product_cat","embeddable":true,"href":"https:\/\/visaodistri.com.br\/index.php?rest_route=%2Fwp%2Fv2%2Fproduct_cat&post=1400"},{"taxonomy":"product_tag","embeddable":true,"href":"https:\/\/visaodistri.com.br\/index.php?rest_route=%2Fwp%2Fv2%2Fproduct_tag&post=1400"}],"curies":[{"name":"wp","href":"https:\/\/api.w.org\/{rel}","templated":true}]}}