{"id":1393,"date":"2023-03-04T21:12:45","date_gmt":"2023-03-04T18:12:45","guid":{"rendered":"https:\/\/visaodistri.com.br\/?post_type=product&#038;p=1393"},"modified":"2024-03-13T16:26:40","modified_gmt":"2024-03-13T13:26:40","slug":"chapeu-tecido-com-saia","status":"publish","type":"product","link":"https:\/\/visaodistri.com.br\/?product=chapeu-tecido-com-saia","title":{"rendered":"CHAPEU TECIDO COM SAIA"},"content":{"rendered":"<p>Apresentamos o Chap\u00e9u Pescador Com Prote\u00e7\u00e3o Para Nuca, o seu companheiro indispens\u00e1vel sob o sol! Ideal para quem trabalha ao ar livre ou simplesmente ama aventuras sob o sol, esse chap\u00e9u \u00e9 a sua barreira confi\u00e1vel contra os raios solares.<br \/>\n&#8211; Material: Tecido 100% Algod\u00e3o e Forro 100% Poli\u00e9ster<br \/>\n&#8211; Tamanho \u00fanico, ajust\u00e1vel<br \/>\n&#8211; Peso Aproximado: 100 Gramas<br \/>\n&#8211; Cores: Camuflado Verde e Camuflado Marrom<\/p>\n","protected":false},"excerpt":{"rendered":"<p>Apresentamos o Chap\u00e9u Pescador Com Prote\u00e7\u00e3o Para Nuca, o seu companheiro indispens\u00e1vel sob o sol! Ideal para quem trabalha ao ar livre ou simplesmente ama aventuras sob o sol, esse chap\u00e9u \u00e9 a sua barreira confi\u00e1vel contra os raios solares. &#8211; Material: Tecido 100% Algod\u00e3o e Forro 100% Poli\u00e9ster &#8211; Tamanho \u00fanico, ajust\u00e1vel &#8211; Peso [&hellip;]<\/p>\n","protected":false},"featured_media":1394,"comment_status":"open","ping_status":"closed","template":"","meta":{"om_disable_all_campaigns":false,"_mi_skip_tracking":false,"_monsterinsights_sitenote_active":false,"_monsterinsights_sitenote_note":"","_monsterinsights_sitenote_category":0},"product_cat":[40],"product_tag":[],"aioseo_notices":[],"_links":{"self":[{"href":"https:\/\/visaodistri.com.br\/index.php?rest_route=\/wp\/v2\/product\/1393"}],"collection":[{"href":"https:\/\/visaodistri.com.br\/index.php?rest_route=\/wp\/v2\/product"}],"about":[{"href":"https:\/\/visaodistri.com.br\/index.php?rest_route=\/wp\/v2\/types\/product"}],"replies":[{"embeddable":true,"href":"https:\/\/visaodistri.com.br\/index.php?rest_route=%2Fwp%2Fv2%2Fcomments&post=1393"}],"wp:featuredmedia":[{"embeddable":true,"href":"https:\/\/visaodistri.com.br\/index.php?rest_route=\/wp\/v2\/media\/1394"}],"wp:attachment":[{"href":"https:\/\/visaodistri.com.br\/index.php?rest_route=%2Fwp%2Fv2%2Fmedia&parent=1393"}],"wp:term":[{"taxonomy":"product_cat","embeddable":true,"href":"https:\/\/visaodistri.com.br\/index.php?rest_route=%2Fwp%2Fv2%2Fproduct_cat&post=1393"},{"taxonomy":"product_tag","embeddable":true,"href":"https:\/\/visaodistri.com.br\/index.php?rest_route=%2Fwp%2Fv2%2Fproduct_tag&post=1393"}],"curies":[{"name":"wp","href":"https:\/\/api.w.org\/{rel}","templated":true}]}}