{"id":1334,"date":"2023-03-04T17:19:43","date_gmt":"2023-03-04T14:19:43","guid":{"rendered":"https:\/\/visaodistri.com.br\/?post_type=product&#038;p=1334"},"modified":"2023-08-18T20:07:53","modified_gmt":"2023-08-18T17:07:53","slug":"engate-rapido-para-mangueira-1496","status":"publish","type":"product","link":"https:\/\/visaodistri.com.br\/?product=engate-rapido-para-mangueira-1496","title":{"rendered":"BFH1594 &#8211; CONECTOR DE MANGUEIRA 12POL BLOQUEADOR PASSAGEM"},"content":{"rendered":"<p>Conector de Mangueira 1\/2 Com Bloqueador de passagem Conector com engate r\u00e1pido, di\u00e2metro para mangueira e 1\/2 . E feito de pl\u00e1stico &#8211; ABS resistente a golpes. Elemento de liga\u00e7\u00e3o do sistema de irriga\u00e7\u00e3o e compat\u00edvel com todos os adaptadores, conectores, conectores T, bem como jogos do sistema de irriga\u00e7\u00e3o. Ideal para o uso dom\u00e9stico, limpeza de cal\u00e7adas, passeios, ve\u00edculos e jardinagem.<\/p>\n","protected":false},"excerpt":{"rendered":"<p>Conector de Mangueira 1\/2 Com Bloqueador de passagem Conector com engate r\u00e1pido, di\u00e2metro para mangueira e 1\/2 . E feito de pl\u00e1stico &#8211; ABS resistente a golpes. Elemento de liga\u00e7\u00e3o do sistema de irriga\u00e7\u00e3o e compat\u00edvel com todos os adaptadores, conectores, conectores T, bem como jogos do sistema de irriga\u00e7\u00e3o. Ideal para o uso dom\u00e9stico, [&hellip;]<\/p>\n","protected":false},"featured_media":1335,"comment_status":"open","ping_status":"closed","template":"","meta":{"om_disable_all_campaigns":false,"_mi_skip_tracking":false,"_monsterinsights_sitenote_active":false,"_monsterinsights_sitenote_note":"","_monsterinsights_sitenote_category":0},"product_cat":[26],"product_tag":[],"aioseo_notices":[],"_links":{"self":[{"href":"https:\/\/visaodistri.com.br\/index.php?rest_route=\/wp\/v2\/product\/1334"}],"collection":[{"href":"https:\/\/visaodistri.com.br\/index.php?rest_route=\/wp\/v2\/product"}],"about":[{"href":"https:\/\/visaodistri.com.br\/index.php?rest_route=\/wp\/v2\/types\/product"}],"replies":[{"embeddable":true,"href":"https:\/\/visaodistri.com.br\/index.php?rest_route=%2Fwp%2Fv2%2Fcomments&post=1334"}],"wp:featuredmedia":[{"embeddable":true,"href":"https:\/\/visaodistri.com.br\/index.php?rest_route=\/wp\/v2\/media\/1335"}],"wp:attachment":[{"href":"https:\/\/visaodistri.com.br\/index.php?rest_route=%2Fwp%2Fv2%2Fmedia&parent=1334"}],"wp:term":[{"taxonomy":"product_cat","embeddable":true,"href":"https:\/\/visaodistri.com.br\/index.php?rest_route=%2Fwp%2Fv2%2Fproduct_cat&post=1334"},{"taxonomy":"product_tag","embeddable":true,"href":"https:\/\/visaodistri.com.br\/index.php?rest_route=%2Fwp%2Fv2%2Fproduct_tag&post=1334"}],"curies":[{"name":"wp","href":"https:\/\/api.w.org\/{rel}","templated":true}]}}