{"id":1302,"date":"2023-03-04T16:20:57","date_gmt":"2023-03-04T13:20:57","guid":{"rendered":"https:\/\/visaodistri.com.br\/?post_type=product&#038;p=1302"},"modified":"2023-06-10T07:58:20","modified_gmt":"2023-06-10T04:58:20","slug":"lanterna-3812-5w","status":"publish","type":"product","link":"https:\/\/visaodistri.com.br\/?product=lanterna-3812-5w","title":{"rendered":"SQ3812 &#8211; LANTERNA 5W LED RECARREGAVEL"},"content":{"rendered":"<p>Lanterna Cilibrim Recarreg\u00e1vel Super Pontente Com Lumin\u00e1ria Led 5W SQ-3812. A Lanterna Cilibrim SQ-3812 \u00e9 uma excelente escolha para quem procura pot\u00eancia, qualidade e custo benef\u00edcio. Seja para camping, pesca ou lazer em geral, a Cilibrim garante alta luminosidade durante toda a atividade. Al\u00e9m disso, possui led acoplado na lateral, permitindo que a mesma se torne uma lumin\u00e1ria. Para seu funcionamento, a lanterna n\u00e3o precisa de pilhas ou baterias externas, ela possui bateria interna recarreg\u00e1vel (bivolt). Basta conect\u00e1-la na tomada.<br \/>\nATEN\u00c7\u00c3O! Nunca utilize a lanterna enquanto ela estiver conectada na tomada. Ao carregar, assegure que a mesma esteja totalmente desligada. N\u00e3o aponte o fluxo luminoso diretamente no rosto.<br \/>\nCaracter\u00edsticas Gerais:<br \/>\n&#8211; Fluxo luminoso: cerca de 2800 L\u00famens;<br \/>\n&#8211; Corpo desenvolvido em polipropileno resistente;<br \/>\n&#8211; Alcance do foco: 80 metros;<br \/>\n&#8211; Pot\u00eancia: 5W;<br \/>\n&#8211; Recarreg\u00e1vel: 10h de carga = 6h de utiliza\u00e7\u00e3o;<br \/>\n&#8211; Bateria 3200 mAh (bivolt);<br \/>\n&#8211; Com lumin\u00e1ria: possui led acoplado na lateral;<br \/>\n&#8211; Design leve e compacto: pode ser facilmente guardada\/transportada;<br \/>\n&#8211; Acompanha cabo de carregamento e al\u00e7a para pendurar;<br \/>\n&#8211; Ideal para Camping, Ca\u00e7a, Pesca, Lazer, Aventura e Servi\u00e7os Gerais;<\/p>\n","protected":false},"excerpt":{"rendered":"<p>Lanterna Cilibrim Recarreg\u00e1vel Super Pontente Com Lumin\u00e1ria Led 5W SQ-3812. A Lanterna Cilibrim SQ-3812 \u00e9 uma excelente escolha para quem procura pot\u00eancia, qualidade e custo benef\u00edcio. Seja para camping, pesca ou lazer em geral, a Cilibrim garante alta luminosidade durante toda a atividade. Al\u00e9m disso, possui led acoplado na lateral, permitindo que a mesma se [&hellip;]<\/p>\n","protected":false},"featured_media":1303,"comment_status":"open","ping_status":"closed","template":"","meta":{"om_disable_all_campaigns":false,"_mi_skip_tracking":false,"_monsterinsights_sitenote_active":false,"_monsterinsights_sitenote_note":"","_monsterinsights_sitenote_category":0},"product_cat":[31],"product_tag":[],"aioseo_notices":[],"_links":{"self":[{"href":"https:\/\/visaodistri.com.br\/index.php?rest_route=\/wp\/v2\/product\/1302"}],"collection":[{"href":"https:\/\/visaodistri.com.br\/index.php?rest_route=\/wp\/v2\/product"}],"about":[{"href":"https:\/\/visaodistri.com.br\/index.php?rest_route=\/wp\/v2\/types\/product"}],"replies":[{"embeddable":true,"href":"https:\/\/visaodistri.com.br\/index.php?rest_route=%2Fwp%2Fv2%2Fcomments&post=1302"}],"wp:featuredmedia":[{"embeddable":true,"href":"https:\/\/visaodistri.com.br\/index.php?rest_route=\/wp\/v2\/media\/1303"}],"wp:attachment":[{"href":"https:\/\/visaodistri.com.br\/index.php?rest_route=%2Fwp%2Fv2%2Fmedia&parent=1302"}],"wp:term":[{"taxonomy":"product_cat","embeddable":true,"href":"https:\/\/visaodistri.com.br\/index.php?rest_route=%2Fwp%2Fv2%2Fproduct_cat&post=1302"},{"taxonomy":"product_tag","embeddable":true,"href":"https:\/\/visaodistri.com.br\/index.php?rest_route=%2Fwp%2Fv2%2Fproduct_tag&post=1302"}],"curies":[{"name":"wp","href":"https:\/\/api.w.org\/{rel}","templated":true}]}}