{"id":1224,"date":"2023-01-07T14:57:44","date_gmt":"2023-01-07T11:57:44","guid":{"rendered":"https:\/\/visaodistri.com.br\/?post_type=product&#038;p=1224"},"modified":"2023-02-23T16:00:34","modified_gmt":"2023-02-23T13:00:34","slug":"id-9250-lanterna-de-cabeca-1-led-5w","status":"publish","type":"product","link":"https:\/\/visaodistri.com.br\/?product=id-9250-lanterna-de-cabeca-1-led-5w","title":{"rendered":"ID9250W &#8211; LANTERNA DE CABECA REC. 1LED\/5W"},"content":{"rendered":"<p>A lanterna e geralmente utilizada para montagem de equipamentos eletr\u00f4nicos, est\u00e9tica, camping, emerg\u00eancia e manuten\u00e7\u00e3o em geral. Tempo estimado para recarga \u00e9 de 8 horas, sendo que enquanto carrega est\u00e1 n\u00e3o dever\u00e1 ser utilizada para n\u00e3o danificar os componentes do produto. Voltagem 127V\/220V 50HZ\/60HZ com Consumo m\u00e1ximo: 3.6W, com 1 led de luminosidade e 5W de pot\u00eancia.<\/p>\n","protected":false},"excerpt":{"rendered":"<p>A lanterna e geralmente utilizada para montagem de equipamentos eletr\u00f4nicos, est\u00e9tica, camping, emerg\u00eancia e manuten\u00e7\u00e3o em geral. Tempo estimado para recarga \u00e9 de 8 horas, sendo que enquanto carrega est\u00e1 n\u00e3o dever\u00e1 ser utilizada para n\u00e3o danificar os componentes do produto. Voltagem 127V\/220V 50HZ\/60HZ com Consumo m\u00e1ximo: 3.6W, com 1 led de luminosidade e 5W [&hellip;]<\/p>\n","protected":false},"featured_media":1116,"comment_status":"open","ping_status":"closed","template":"","meta":{"om_disable_all_campaigns":false,"_mi_skip_tracking":false,"_monsterinsights_sitenote_active":false,"_monsterinsights_sitenote_note":"","_monsterinsights_sitenote_category":0},"product_cat":[53],"product_tag":[],"aioseo_notices":[],"_links":{"self":[{"href":"https:\/\/visaodistri.com.br\/index.php?rest_route=\/wp\/v2\/product\/1224"}],"collection":[{"href":"https:\/\/visaodistri.com.br\/index.php?rest_route=\/wp\/v2\/product"}],"about":[{"href":"https:\/\/visaodistri.com.br\/index.php?rest_route=\/wp\/v2\/types\/product"}],"replies":[{"embeddable":true,"href":"https:\/\/visaodistri.com.br\/index.php?rest_route=%2Fwp%2Fv2%2Fcomments&post=1224"}],"wp:featuredmedia":[{"embeddable":true,"href":"https:\/\/visaodistri.com.br\/index.php?rest_route=\/wp\/v2\/media\/1116"}],"wp:attachment":[{"href":"https:\/\/visaodistri.com.br\/index.php?rest_route=%2Fwp%2Fv2%2Fmedia&parent=1224"}],"wp:term":[{"taxonomy":"product_cat","embeddable":true,"href":"https:\/\/visaodistri.com.br\/index.php?rest_route=%2Fwp%2Fv2%2Fproduct_cat&post=1224"},{"taxonomy":"product_tag","embeddable":true,"href":"https:\/\/visaodistri.com.br\/index.php?rest_route=%2Fwp%2Fv2%2Fproduct_tag&post=1224"}],"curies":[{"name":"wp","href":"https:\/\/api.w.org\/{rel}","templated":true}]}}